is divided by 79.
10
Calculate the remainder when 4152 is divided by 18.
12
Calculate the remainder when 33062 is divided by 11009.
35
What is the remainder when 49906 is divided by 344?
26
What is the remainder when 247892 is divided by 75?
17
Calculate the remainder when 673815 is divided by 247.
246
What is the remainder when 9582 is divided by 1371?
1356
Calculate the remainder when 95351 is divided by 47540.
271
Calculate the remainder when 8649 is divided by 223.
175
What is the remainder when 166142 is divided by 352?
350
What is the remainder when 92247 is divided by 29?
27
What is the remainder when 2125 is divided by 13?
6
What is the remainder when 161403 is divided by 4035?
3
Calculate the remainder when 98953 is divided by 52.
49
Calculate the remainder when 1838 is divided by 81.
56
What is the remainder when 8569 is divided by 503?
18
Calculate the remainder when 142772 is divided by 18.
14
What is the remainder when 6041 is divided by 1798?
647
What is the remainder when 9895 is divided by 531?
337
What is the remainder when 4802 is divided by 1192?
34
Calculate the remainder when 58784 is divided by 980.
964
What is the remainder when 18325 is divided by 7?
6
Calculate the remainder when 17228 is divided by 1322.
42
Calculate the remainder when 3652 is divided by 3537.
115
Calculate the remainder when 700 is divided by 103.
82
Calculate the remainder when 2882 is divided by 1433.
16
Calculate the remainder when 42290 is divided by 21.
17
What is the remainder when 55737 is divided by 369?
18
Calculate the remainder when 59262 is divided by 1856.
1726
What is the remainder when 11769 is divided by 620?
609
Calculate the remainder when 15455 is divided by 442.
427
Calculate the remainder when 7653710 is divided by 19.
16
What is the remainder when 30345 is divided by 9?
6
What is the remainder when 534165 is divided by 1281?
1269
Calculate the remainder when 123456 is divided by 4938.
6
What is the remainder when 65587 is divided by 36?
31
What is the remainder when 2756 is divided by 10?
6
What is the remainder when 20926 is divided by 20902?
24
What is the remainder when 2793 is divided by 351?
336
Calculate the remainder when 2078 is divided by 509.
42
Calculate the remainder when 2740 is divided by 2693.
47
What is the remainder when 92788 is divided by 23184?
52
What is the remainder when 2151 is divided by 975?
201
What is the remainder when 5982 is divided by 1962?
96
Calculate the remainder when 6442 is divided by 35.
2
What is the remainder when 4193 is divided by 8?
1
What is the remainder when 207424 is divided by 11?
8
What is the remainder when 149116 is divided by 58?
56
What is the remainder when 189005 is divided by 21?
5
What is the remainder when 204369 is divided by 1027?
1023
What is the remainder when 4491 is divided by 4155?
336
Calculate the remainder when 77815 is divided by 137.
136
What is the remainder when 835 is divided by 172?
147
What is the remainder when 14713 is divided by 348?
97
What is the remainder when 1209431 is divided by 24?
23
Calculate the remainder when 1149 is divided by 637.
512
What is the remainder when 2358 is divided by 151?
93
What is the remainder when 30445 is divided by 491?
3
Calculate the remainder when 4569 is divided by 39.
6
What is the remainder when 245 is divided by 155?
90
What is the remainder when 3549 is divided by 17?
13
What is the remainder when 4290 is divided by 3260?
1030
What is the remainder when 48137 is divided by 426?
425
What is the remainder when 9424 is divided by 9418?
6
What is the remainder when 8976 is divided by 473?
462
What is the remainder when 1705217 is divided by 113681?
2
Calculate the remainder when 4737 is divided by 577.
121
Calculate the remainder when 4156 is divided by 28.
12
What is the remainder when 341291 is divided by 58?
19
What is the remainder when 2764 is divided by 53?
8
What is the remainder when 2910 is divided by 152?
22
Calculate the remainder when 120797 is divided by 20131.
11
Calculate the remainder when 578591 is divided by 917.
881
What is the remainder when 123674 is divided by 2096?
10
Calculate the remainder when 3534 is divided by 1132.
138
Calculate the remainder when 26356 is divided by 55.
11
What is the remainder when 19194 is divided by 95?
4
What is the remainder when 239561 is divided by 16?
9
What is the remainder when 5776 is divided by 1919?
19
What is the remainder when 17921 is divided by 3580?
21
Calculate the remainder when 5766 is divided by 2882.
2
What is the remainder when 21338 is divided by 43?
10
Calculate the remainder when 11908 is divided by 1648.
372
What is the remainder when 526899 is divided by 9941?
26
Calculate the remainder when 5807 is divided by 5774.
33
Calculate the remainder when 47351 is divided by 124.
107
What is the remainder when 146808 is divided by 265?
263
What is the remainder when 17697 is divided by 31?
27
What is the remainder when 22185 is divided by 7357?
114
What is the remainder when 794147 is divided by 66?
35
Calculate the remainder when 2227 is divided by 787.
653
What is the remainder when 41062 is divided by 45?
22
What is the remainder when 417909 is divided by 80?
69
Calculate the remainder when 6298 is divided by 27.
7
Calculate the remainder when 29879 is divided by 11.
3
Calculate the remainder when 153315 is divided by 21901.
8
What is the remainder when 8886 is divided by 1107?
30
What is the remainder when 16024 is divided by 1602?
4
What is the remainder when 21761 is divided by 1742?
857
Calculate the remainder when 43747 is divided by 50.
47
What is the remainder when 21862 is divided by 591?
586
What is the remainder when 9571 is divided by 872?
851
Calculate the remainder when 2420 is divided by 187.
176
What is the remainder when 1576482 is divided by 795?
792
Calculate the remainder when 24049 is divided by 98.
39
Calculate the remainder when 5651 is divided by 1861.
68
Calculate the remainder when 375 is divided by 4.
3
Calculate the remainder when 30025 is divided by 59.
53
What is the remainder when 111477 is divided by 94?
87
What is the remainder when 11306 is divided by 3759?
29
What is the remainder when 130483 is divided by 213?
127
What is the remainder when 2537 is divided by 1110?
317
What is the remainder when 117401 is divided by 285?
266
Calculate the remainder when 4081 is divided by 343.
308
Calculate the remainder when 18866 is divided by 212.
210
Calculate the remainder when 3782 is divided by 223.
214
What is the remainder when 2356 is divided by 36?
16
What is the remainder when 22182 is divided by 153?
150
What is the remainder when 17923 is divided by 2234?
51
Calculate the remainder when 1563 is divided by 40.
3
Calculate the remainder when 7857 is divided by 58.
27
Calculate the remainder when 6310229 is divided by 510.
509
What is the remainder when 122855 is divided by 61425?
5
Calculate the remainder when 384643 is divided by 1823.
1813
What is the remainder when 7383 is divided by 57?
30
Calculate the remainder when 6016 is divided by 163.
148
What is the remainder when 1313077 is divided by 34?
31
Calculate the remainder when 3608 is divided by 29.
12
Calculate the remainder when 16369 is divided by 125.
119
What is the remainder when 2498 is divided by 542?
330
Calculate the remainder when 98835 is divided by 514.
147
What is the remainder when 954543 is divided by 1583?
1577
Calculate the remainder when 9412 is divided by 1876.
32
What is the remainder when 8438 is divided by 1373?
200
What is the remainder when 267781 is divided by 1955?
1901
Calculate the remainder when 14717 is divided by 1033.
255
Calculate the remainder when 113207 is divided by 170.
157
Calculate the remainder when 1230564 is divided by 45.
39
What is the remainder when 19005 is divided by 12?
9
Calculate the remainder when 7001 is divided by 6987.
14
Calculate the remainder when 29099 is divided by 313.
303
Calculate the remainder when 457384 is divided by 110.
4
Calculate the remainder when 9782 is divided by 3234.
80
What is the remainder when 8232 is divided by 4078?
76
Calculate the remainder when 701564 is divided by 36.
32
What is the remainder when 82513 is divided by 19?
15
Calculate the remainder when 170649 is divided b